{"id":537,"date":"2023-05-05T21:38:20","date_gmt":"2023-05-05T19:38:20","guid":{"rendered":"https:\/\/feuerwehr-nieder-bessingen.de\/?page_id=537"},"modified":"2023-05-05T21:41:30","modified_gmt":"2023-05-05T19:41:30","slug":"umzug-zum-125-jaehrigen-jubilaeum","status":"publish","type":"page","link":"https:\/\/feuerwehr-nieder-bessingen.de\/?page_id=537","title":{"rendered":"Umzug zum 125-j\u00e4hrigen Jubil\u00e4um"},"content":{"rendered":"\n<p>Am 26. Juni 2022 fand im Rahmes des 125-j\u00e4hrigen Bestehens der Freiwilligen Feuerwehr Nieder-Bessingen ein Festzug durch den Ort statt. Dieses mu\u00dfte selbstverst\u00e4ndlich auch in Bildern und Video festgehalten werden. Diese finden Sie auf der <a href=\"https:\/\/www.nieder-bessingen.de\/feuerwehrumzug-2022\/\" target=\"_blank\" rel=\"noreferrer noopener\">Website von Nieder-Bessingen<\/a>.<\/p>\n","protected":false},"excerpt":{"rendered":"<p>Am 26. Juni 2022 fand im Rahmes des 125-j\u00e4hrigen Bestehens der Freiwilligen Feuerwehr Nieder-Bessingen ein Festzug durch den Ort statt. Dieses mu\u00dfte selbstverst\u00e4ndlich auch in Bildern und Video festgehalten werden. Diese finden Sie auf der Website von Nieder-Bessingen.<\/p>\n","protected":false},"author":1,"featured_media":0,"parent":438,"menu_order":0,"comment_status":"closed","ping_status":"closed","template":"","meta":{"_mc_calendar":[],"footnotes":""},"class_list":["post-537","page","type-page","status-publish","hentry"],"_links":{"self":[{"href":"https:\/\/feuerwehr-nieder-bessingen.de\/index.php?rest_route=\/wp\/v2\/pages\/537","targetHints":{"allow":["GET"]}}],"collection":[{"href":"https:\/\/feuerwehr-nieder-bessingen.de\/index.php?rest_route=\/wp\/v2\/pages"}],"about":[{"href":"https:\/\/feuerwehr-nieder-bessingen.de\/index.php?rest_route=\/wp\/v2\/types\/page"}],"author":[{"embeddable":true,"href":"https:\/\/feuerwehr-nieder-bessingen.de\/index.php?rest_route=\/wp\/v2\/users\/1"}],"replies":[{"embeddable":true,"href":"https:\/\/feuerwehr-nieder-bessingen.de\/index.php?rest_route=%2Fwp%2Fv2%2Fcomments&post=537"}],"version-history":[{"count":2,"href":"https:\/\/feuerwehr-nieder-bessingen.de\/index.php?rest_route=\/wp\/v2\/pages\/537\/revisions"}],"predecessor-version":[{"id":540,"href":"https:\/\/feuerwehr-nieder-bessingen.de\/index.php?rest_route=\/wp\/v2\/pages\/537\/revisions\/540"}],"up":[{"embeddable":true,"href":"https:\/\/feuerwehr-nieder-bessingen.de\/index.php?rest_route=\/wp\/v2\/pages\/438"}],"wp:attachment":[{"href":"https:\/\/feuerwehr-nieder-bessingen.de\/index.php?rest_route=%2Fwp%2Fv2%2Fmedia&parent=537"}],"curies":[{"name":"wp","href":"https:\/\/api.w.org\/{rel}","templated":true}]}}