{"id":461,"date":"2023-05-04T20:51:12","date_gmt":"2023-05-04T18:51:12","guid":{"rendered":"https:\/\/feuerwehr-nieder-bessingen.de\/?page_id=461"},"modified":"2023-05-26T22:55:45","modified_gmt":"2023-05-26T20:55:45","slug":"einsatzfahrzeuge","status":"publish","type":"page","link":"https:\/\/feuerwehr-nieder-bessingen.de\/?page_id=461","title":{"rendered":"Einsatzfahrzeuge"},"content":{"rendered":"\n<p><strong>LF 8\/6 <\/strong><\/p>\n\n\n\n<p>Funkrufname Florian Lich 7\/42<\/p>\n\n\n\n<p>Das LF 8\/6 dient vornehmlich zur Brandbek\u00e4mpfung, zum F\u00f6rdern von Wasser und zum Durchf\u00fchren einfacher Technischer Hilfeleistungen kleineren Urnfanges. Es bildet mit seiner Besatzung eine selbst\u00e4ndige taktische Einheit.<\/p>\n\n\n\n<p>Das LF 8\/6 ist mit einer vom Fahrzeugmotor angetriebenen Feuerl\u00f6sch-Kreiselpumpe, einer Schnellangriffseinrichtung, einem L\u00f6schwasserbeh\u00e4lter und einer feuerwehrtechnischen Beladung incl. Tragkraftspritze und Stromaggregat ausgestattet. Die Besatzung besteht aus einer Gruppe (1\/8).<\/p>\n\n\n\n<p>Die<a><\/a>&nbsp;vom Fahrzeugmotor angetriebene Feuerl\u00f6sch-Kreiselpumpe FP 8\/8 ist als Heckpumpe innerhalb des Aufbaues eingebaut.<\/p>\n\n\n\n<p>Das Fahrzeug ist mit einer Schnellangriffseinrichtung Wasser ausgestattet. Sie besteht aus einer an die Pumpe angeschlossenen Schlauchhaspel mit Bremse -f\u00fcr 50 m Druckschlauch S 25 und ein Hohlstrahlrohr C.<\/p>\n\n\n\n<p>Es ist ein L\u00f6schwasserbeh\u00e4lter mit einer nutzbaren Wassermenge von 600 l eingebaut.<\/p>\n\n\n\n<div class=\"wp-block-columns is-layout-flex wp-container-core-columns-is-layout-9d6595d7 wp-block-columns-is-layout-flex\">\n<div class=\"wp-block-column is-layout-flow wp-block-column-is-layout-flow\" style=\"flex-basis:100%\">\n<figure class=\"wp-block-gallery has-nested-images columns-default is-cropped wp-block-gallery-1 is-layout-flex wp-block-gallery-is-layout-flex\">\n<figure class=\"wp-block-image size-large\"><a href=\"https:\/\/feuerwehr-nieder-bessingen.de\/wp-content\/uploads\/2023\/05\/20230507_1018461-1.jpg\"><img loading=\"lazy\" decoding=\"async\" width=\"948\" height=\"1024\" data-id=\"565\" src=\"https:\/\/feuerwehr-nieder-bessingen.de\/wp-content\/uploads\/2023\/05\/20230507_1018461-1-948x1024.jpg\" alt=\"\" class=\"wp-image-565\" srcset=\"https:\/\/feuerwehr-nieder-bessingen.de\/wp-content\/uploads\/2023\/05\/20230507_1018461-1-948x1024.jpg 948w, https:\/\/feuerwehr-nieder-bessingen.de\/wp-content\/uploads\/2023\/05\/20230507_1018461-1-278x300.jpg 278w, https:\/\/feuerwehr-nieder-bessingen.de\/wp-content\/uploads\/2023\/05\/20230507_1018461-1-768x830.jpg 768w, https:\/\/feuerwehr-nieder-bessingen.de\/wp-content\/uploads\/2023\/05\/20230507_1018461-1-1421x1536.jpg 1421w, https:\/\/feuerwehr-nieder-bessingen.de\/wp-content\/uploads\/2023\/05\/20230507_1018461-1.jpg 1800w\" sizes=\"auto, (max-width: 948px) 100vw, 948px\" \/><\/a><\/figure>\n<\/figure>\n<\/div>\n<\/div>\n\n\n\n<div class=\"wp-block-media-text alignwide is-stacked-on-mobile\" style=\"grid-template-columns:30% auto\"><figure class=\"wp-block-media-text__media\"><a href=\"https:\/\/feuerwehr-nieder-bessingen.de\/wp-content\/uploads\/2023\/05\/20230507_0953491.jpg\"><img loading=\"lazy\" decoding=\"async\" width=\"941\" height=\"1024\" src=\"https:\/\/feuerwehr-nieder-bessingen.de\/wp-content\/uploads\/2023\/05\/20230507_0953491-941x1024.jpg\" alt=\"\" class=\"wp-image-568 size-full\" srcset=\"https:\/\/feuerwehr-nieder-bessingen.de\/wp-content\/uploads\/2023\/05\/20230507_0953491-941x1024.jpg 941w, https:\/\/feuerwehr-nieder-bessingen.de\/wp-content\/uploads\/2023\/05\/20230507_0953491-276x300.jpg 276w, https:\/\/feuerwehr-nieder-bessingen.de\/wp-content\/uploads\/2023\/05\/20230507_0953491-768x835.jpg 768w, https:\/\/feuerwehr-nieder-bessingen.de\/wp-content\/uploads\/2023\/05\/20230507_0953491.jpg 1152w\" sizes=\"auto, (max-width: 941px) 100vw, 941px\" \/><\/a><\/figure><div class=\"wp-block-media-text__content\">\n<p>MTW Florian Lich 7\/19<\/p>\n\n\n\n<p>Transport von der Mannschaft Besatzung 1\/8<\/p>\n\n\n\n<p>Dieses Fahrzeug wird genutzt, unteranderem zum Ziehen eines Anh\u00e4ngers oder die Stra\u00dfe zu sperren.<\/p>\n\n\n\n<p>Im hinterm teil sind Verlastet:<\/p>\n\n\n\n<p>Verkehrsleitkegel. Europlitzer, Faltsignale und ein  Erste Hilfe Rucksack.<\/p>\n\n\n\n<p><\/p>\n<\/div><\/div>\n\n\n\n<p><\/p>\n","protected":false},"excerpt":{"rendered":"<p>LF 8\/6 Funkrufname Florian Lich 7\/42 Das LF 8\/6 dient vornehmlich zur Brandbek\u00e4mpfung, zum F\u00f6rdern von Wasser und zum Durchf\u00fchren einfacher Technischer Hilfeleistungen kleineren Urnfanges. Es bildet mit seiner Besatzung eine selbst\u00e4ndige taktische Einheit. Das LF 8\/6 ist mit einer&#8230; <a href=\"https:\/\/feuerwehr-nieder-bessingen.de\/?page_id=461\" class=\"readmore\">Mehr<span class=\"screen-reader-text\">Einsatzfahrzeuge<\/span><span class=\"fa fa-angle-double-right\" aria-hidden=\"true\"><\/span><\/a><\/p>\n","protected":false},"author":1,"featured_media":0,"parent":27,"menu_order":0,"comment_status":"closed","ping_status":"closed","template":"","meta":{"_mc_calendar":[],"footnotes":""},"class_list":["post-461","page","type-page","status-publish","hentry"],"_links":{"self":[{"href":"https:\/\/feuerwehr-nieder-bessingen.de\/index.php?rest_route=\/wp\/v2\/pages\/461","targetHints":{"allow":["GET"]}}],"collection":[{"href":"https:\/\/feuerwehr-nieder-bessingen.de\/index.php?rest_route=\/wp\/v2\/pages"}],"about":[{"href":"https:\/\/feuerwehr-nieder-bessingen.de\/index.php?rest_route=\/wp\/v2\/types\/page"}],"author":[{"embeddable":true,"href":"https:\/\/feuerwehr-nieder-bessingen.de\/index.php?rest_route=\/wp\/v2\/users\/1"}],"replies":[{"embeddable":true,"href":"https:\/\/feuerwehr-nieder-bessingen.de\/index.php?rest_route=%2Fwp%2Fv2%2Fcomments&post=461"}],"version-history":[{"count":6,"href":"https:\/\/feuerwehr-nieder-bessingen.de\/index.php?rest_route=\/wp\/v2\/pages\/461\/revisions"}],"predecessor-version":[{"id":617,"href":"https:\/\/feuerwehr-nieder-bessingen.de\/index.php?rest_route=\/wp\/v2\/pages\/461\/revisions\/617"}],"up":[{"embeddable":true,"href":"https:\/\/feuerwehr-nieder-bessingen.de\/index.php?rest_route=\/wp\/v2\/pages\/27"}],"wp:attachment":[{"href":"https:\/\/feuerwehr-nieder-bessingen.de\/index.php?rest_route=%2Fwp%2Fv2%2Fmedia&parent=461"}],"curies":[{"name":"wp","href":"https:\/\/api.w.org\/{rel}","templated":true}]}}