{"id":434,"date":"2023-05-04T15:10:19","date_gmt":"2023-05-04T13:10:19","guid":{"rendered":"https:\/\/feuerwehr-nieder-bessingen.de\/?page_id=434"},"modified":"2023-07-03T16:50:14","modified_gmt":"2023-07-03T14:50:14","slug":"aktuelles","status":"publish","type":"page","link":"https:\/\/feuerwehr-nieder-bessingen.de\/?page_id=434","title":{"rendered":"Aktuelles"},"content":{"rendered":"<ul class=\"wp-block-latest-posts__list has-dates wp-block-latest-posts\"><li><a class=\"wp-block-latest-posts__post-title\" href=\"https:\/\/feuerwehr-nieder-bessingen.de\/?p=623\">Jugendfeuerwehr holt zum 4ten mal in Folge den Licher Stadtpokal<\/a><time datetime=\"2023-05-13T20:39:00+02:00\" class=\"wp-block-latest-posts__post-date\">13.05.2023<\/time><div class=\"wp-block-latest-posts__post-excerpt\">Beim heutigen Stadtpokal haben alle Mannschaften gezeigt was Sie k\u00f6nnen. Beim ersten Stadtpokal nach Corona, der wieder normal abgelaufen ist, haben alle ein super Ergebnis abgeliefert. Bei Fragebogen und dem Wettkampf mit seinem A und B Teil sowie der Schlauchstaffette&#8230; <a href=\"https:\/\/feuerwehr-nieder-bessingen.de\/?p=623\" class=\"readmore\">Mehr<span class=\"screen-reader-text\">Jugendfeuerwehr holt zum 4ten mal in Folge den Licher Stadtpokal<\/span><span class=\"fa fa-angle-double-right\" aria-hidden=\"true\"><\/span><\/a><\/div><\/li>\n<\/ul>\n\n\n<p><mark style=\"background-color:rgba(0, 0, 0, 0)\" class=\"has-inline-color has-vivid-cyan-blue-color\"><strong>Gemeinschafts\u00fcbung mit Langsdorf<\/strong><\/mark><\/p>\n\n\n\n<p>Am Samstag, den 24.06.2023 trafen sich die Jugendfeuerwehren Bessingen und Langsdorf zu einer Gemeinschafts\u00fcbung.<\/p>\n\n\n\n<p>\u00dcbungsszenario war bei der ersten Station ein Vegetationsbrand zwischen Nieder &#8211; Bessingen und Lich.<\/p>\n\n\n\n<p>Es wurde eine Wasserversorgung am offenen Gew\u00e4sser hergestellt. Um das L\u00f6schfahrzeug einzuspeisen zu k\u00f6nnen, mussten einige B \u2013Schl\u00e4uche verlegt werden von der Wasserentnahmestelle bis zum Fahrzeug. Vom L\u00f6schfahrzeug aus, wurden dann 4 CM- Strahlrohre zum Einsatz gebracht.&nbsp;<\/p>\n\n\n\n<p>Bei der 2 Station ging es um Technische Hilfeleistung. \u00dcbungsszenario lautetet &#8220; Eine verletzte Person unter eine Schuttmulde eigeklemmt&#8220;. Die verletzte Person musste mit Hilfe, der vorhanden Arbeitsmaterial auf unseren Fahrzeugen (LF 8\/6 und LF 10), gerettet werden. Diese \u00dcbung wurde in Theorie sowie Praxis ausgef\u00fchrt.<\/p>\n\n\n\n<p>Anschlie\u00dfen ging es mit den Jugendlichen an das Ger\u00e4tehaus nach Langsdorf. Da haben wir vor Ort noch ein Spiel gespielt und haben den Nachmittag bei gem\u00fctlichem Grillen ausklinken lassen.<\/p>\n\n\n\n<figure class=\"wp-block-gallery has-nested-images columns-default is-cropped wp-block-gallery-1 is-layout-flex wp-block-gallery-is-layout-flex\">\n<figure class=\"wp-block-image size-large\"><img loading=\"lazy\" decoding=\"async\" width=\"2000\" height=\"1500\" data-id=\"698\" src=\"https:\/\/feuerwehr-nieder-bessingen.de\/wp-content\/uploads\/2023\/07\/IMG-20230624-WA00711.jpg\" alt=\"\" class=\"wp-image-698\"\/><\/figure>\n<\/figure>\n","protected":false},"excerpt":{"rendered":"<p>Gemeinschafts\u00fcbung mit Langsdorf Am Samstag, den 24.06.2023 trafen sich die Jugendfeuerwehren Bessingen und Langsdorf zu einer Gemeinschafts\u00fcbung. \u00dcbungsszenario war bei der ersten Station ein Vegetationsbrand zwischen Nieder &#8211; Bessingen und Lich. Es wurde eine Wasserversorgung am offenen Gew\u00e4sser hergestellt. Um&#8230; <a href=\"https:\/\/feuerwehr-nieder-bessingen.de\/?page_id=434\" class=\"readmore\">Mehr<span class=\"screen-reader-text\">Aktuelles<\/span><span class=\"fa fa-angle-double-right\" aria-hidden=\"true\"><\/span><\/a><\/p>\n","protected":false},"author":1,"featured_media":0,"parent":357,"menu_order":0,"comment_status":"closed","ping_status":"closed","template":"","meta":{"_mc_calendar":[],"footnotes":""},"class_list":["post-434","page","type-page","status-publish","hentry"],"_links":{"self":[{"href":"https:\/\/feuerwehr-nieder-bessingen.de\/index.php?rest_route=\/wp\/v2\/pages\/434","targetHints":{"allow":["GET"]}}],"collection":[{"href":"https:\/\/feuerwehr-nieder-bessingen.de\/index.php?rest_route=\/wp\/v2\/pages"}],"about":[{"href":"https:\/\/feuerwehr-nieder-bessingen.de\/index.php?rest_route=\/wp\/v2\/types\/page"}],"author":[{"embeddable":true,"href":"https:\/\/feuerwehr-nieder-bessingen.de\/index.php?rest_route=\/wp\/v2\/users\/1"}],"replies":[{"embeddable":true,"href":"https:\/\/feuerwehr-nieder-bessingen.de\/index.php?rest_route=%2Fwp%2Fv2%2Fcomments&post=434"}],"version-history":[{"count":5,"href":"https:\/\/feuerwehr-nieder-bessingen.de\/index.php?rest_route=\/wp\/v2\/pages\/434\/revisions"}],"predecessor-version":[{"id":699,"href":"https:\/\/feuerwehr-nieder-bessingen.de\/index.php?rest_route=\/wp\/v2\/pages\/434\/revisions\/699"}],"up":[{"embeddable":true,"href":"https:\/\/feuerwehr-nieder-bessingen.de\/index.php?rest_route=\/wp\/v2\/pages\/357"}],"wp:attachment":[{"href":"https:\/\/feuerwehr-nieder-bessingen.de\/index.php?rest_route=%2Fwp%2Fv2%2Fmedia&parent=434"}],"curies":[{"name":"wp","href":"https:\/\/api.w.org\/{rel}","templated":true}]}}