{"id":27,"date":"2023-04-21T21:56:13","date_gmt":"2023-04-21T19:56:13","guid":{"rendered":"https:\/\/feuerwehr-nieder-bessingen.de\/?page_id=27"},"modified":"2023-05-05T18:46:40","modified_gmt":"2023-05-05T16:46:40","slug":"einsatzabteilung","status":"publish","type":"page","link":"https:\/\/feuerwehr-nieder-bessingen.de\/?page_id=27","title":{"rendered":"Einsatzabteilung"},"content":{"rendered":"\n<p>Der Einsatzabteilung in Nieder-Bessingen stehen zwei Fahrzeuge zur Verf\u00fcgung &#8211; ein L\u00f6schgruppenfahrzeug 8\/6 (LF 8\/6) und ein Mannschaftstransportwagen (MTW). Die beiden Fahrzeuge sind im neuen Feuerwehrhaus am Ortsrand Richtung Lich, neben dem Dorfgemeinschaftshaus und dem &#8222;Alten Bahnhof&#8220;, untergebracht. Hier stehen den Kameradinnen und Kameraden zus\u00e4tzlich getrennte Umkleiden, Toiletten und Duschen sowie eine kleine K\u00fcche und ein Schulungsraum zur Verf\u00fcgung.<\/p>\n\n\n\n<p>Neben den zahlreichen \u00dcbungseinheiten auf Standortebene nehmen die aktiven Einsatzkr\u00e4fte auch an zahlreichen Aus- und Fortbildungen auf Kreisebene oder an einer der beiden Hessischen Landesfeuerwehrschulen teil.<br>Dies geschieht alles ehrenamtlich und in ihrer Freizeit!<\/p>\n","protected":false},"excerpt":{"rendered":"<p>Der Einsatzabteilung in Nieder-Bessingen stehen zwei Fahrzeuge zur Verf\u00fcgung &#8211; ein L\u00f6schgruppenfahrzeug 8\/6 (LF 8\/6) und ein Mannschaftstransportwagen (MTW). Die beiden Fahrzeuge sind im neuen Feuerwehrhaus am Ortsrand Richtung Lich, neben dem Dorfgemeinschaftshaus und dem &#8222;Alten Bahnhof&#8220;, untergebracht. Hier stehen&#8230; <a href=\"https:\/\/feuerwehr-nieder-bessingen.de\/?page_id=27\" class=\"readmore\">Mehr<span class=\"screen-reader-text\">Einsatzabteilung<\/span><span class=\"fa fa-angle-double-right\" aria-hidden=\"true\"><\/span><\/a><\/p>\n","protected":false},"author":1,"featured_media":0,"parent":0,"menu_order":0,"comment_status":"closed","ping_status":"closed","template":"","meta":{"_mc_calendar":[],"footnotes":""},"class_list":["post-27","page","type-page","status-publish","hentry"],"_links":{"self":[{"href":"https:\/\/feuerwehr-nieder-bessingen.de\/index.php?rest_route=\/wp\/v2\/pages\/27","targetHints":{"allow":["GET"]}}],"collection":[{"href":"https:\/\/feuerwehr-nieder-bessingen.de\/index.php?rest_route=\/wp\/v2\/pages"}],"about":[{"href":"https:\/\/feuerwehr-nieder-bessingen.de\/index.php?rest_route=\/wp\/v2\/types\/page"}],"author":[{"embeddable":true,"href":"https:\/\/feuerwehr-nieder-bessingen.de\/index.php?rest_route=\/wp\/v2\/users\/1"}],"replies":[{"embeddable":true,"href":"https:\/\/feuerwehr-nieder-bessingen.de\/index.php?rest_route=%2Fwp%2Fv2%2Fcomments&post=27"}],"version-history":[{"count":4,"href":"https:\/\/feuerwehr-nieder-bessingen.de\/index.php?rest_route=\/wp\/v2\/pages\/27\/revisions"}],"predecessor-version":[{"id":86,"href":"https:\/\/feuerwehr-nieder-bessingen.de\/index.php?rest_route=\/wp\/v2\/pages\/27\/revisions\/86"}],"wp:attachment":[{"href":"https:\/\/feuerwehr-nieder-bessingen.de\/index.php?rest_route=%2Fwp%2Fv2%2Fmedia&parent=27"}],"curies":[{"name":"wp","href":"https:\/\/api.w.org\/{rel}","templated":true}]}}