{"id":179,"date":"2023-04-25T21:33:57","date_gmt":"2023-04-25T19:33:57","guid":{"rendered":"https:\/\/feuerwehr-nieder-bessingen.de\/?page_id=179"},"modified":"2026-05-03T11:14:44","modified_gmt":"2026-05-03T09:14:44","slug":"markus-kerscher","status":"publish","type":"page","link":"https:\/\/feuerwehr-nieder-bessingen.de\/?page_id=179","title":{"rendered":"Markus Kerscher"},"content":{"rendered":"\n<div class=\"wp-block-columns is-layout-flex wp-container-core-columns-is-layout-9d6595d7 wp-block-columns-is-layout-flex\">\n<div class=\"wp-block-column is-layout-flow wp-block-column-is-layout-flow\" style=\"flex-basis:66.66%\">\n<p>Wehrf\u00fchrer \/ stv. Jugendwart <br><br>Weitere Informationen<br><br><img loading=\"lazy\" decoding=\"async\" width=\"100\" height=\"51\" class=\"wp-image-210\" style=\"width: 100px;\" src=\"https:\/\/feuerwehr-nieder-bessingen.de\/wp-content\/uploads\/2023\/04\/olm-1.gif\" alt=\"\"> Oberl\u00f6schmeister<br><br><img loading=\"lazy\" decoding=\"async\" width=\"100\" height=\"39\" class=\"wp-image-168\" style=\"width: 100px;\" src=\"https:\/\/feuerwehr-nieder-bessingen.de\/wp-content\/uploads\/2023\/04\/wefue.gif\" alt=\"\"> Wehrf\u00fchrer<br><br><img loading=\"lazy\" decoding=\"async\" width=\"100\" height=\"54\" class=\"wp-image-207\" style=\"width: 100px;\" src=\"https:\/\/feuerwehr-nieder-bessingen.de\/wp-content\/uploads\/2023\/04\/asgrufuehelm-1.gif\" alt=\"\"> Atemschutz\/Gruppenf\u00fchrer<br><br>&#8211; Ger\u00e4tewart<br><br>Ausbildung\/Lehrg\u00e4nge:<\/p>\n\n\n\n<ul class=\"wp-block-list\">\n<li>Erste Hilfe<\/li>\n\n\n\n<li>Grundlehrgang<\/li>\n\n\n\n<li>Ausbildung Sprechfunk<\/li>\n\n\n\n<li>Atemschutzger\u00e4tetr\u00e4ger I<\/li>\n\n\n\n<li>Atemschutzfortbildung \u201eFire Dragon\u201c<\/li>\n\n\n\n<li>2 x Atemschutzfortbildung \u201eFire House\u201c<\/li>\n\n\n\n<li>Atemschutzfortbildung \u201eAG B-F-T\u201c<\/li>\n\n\n\n<li>Seminar \u201eT\u00fcr\u00f6ffnung\u201c<\/li>\n\n\n\n<li>Maschinist f\u00fcr L\u00f6schfahrzeuge<\/li>\n\n\n\n<li>Motorkettens\u00e4genf\u00fchrer<\/li>\n\n\n\n<li>Truppf\u00fchrer<\/li>\n\n\n\n<li>Gruppenf\u00fchrer<\/li>\n\n\n\n<li>Fortbildung Gruppenf\u00fchrer: Plan\u00fcbung<\/li>\n\n\n\n<li>Sachkundiger f\u00fcr tragbare Feuerl\u00f6scher<\/li>\n\n\n\n<li>Ger\u00e4tewart<\/li>\n\n\n\n<li>Fortbildung f\u00fcr Ger\u00e4tewarte<\/li>\n\n\n\n<li>Seminar \u201eLadungssicherung\u201c<\/li>\n\n\n\n<li>Seminar L\u00f6schwasserversorgung<\/li>\n\n\n\n<li>Seminar \u201eSicherheitsbeauftragter Feuerwehr\u201c<\/li>\n\n\n\n<li>Fortbildung f\u00fcr Zug &amp; Gruppenf\u00fchrer \u201c L\u00f6schwasserf\u00f6rderung\u201c<\/li>\n\n\n\n<li>Seminar Feuerwehrf\u00fchrungskr\u00e4fte auf Kreis\/Stadtebene<\/li>\n\n\n\n<li>Motorkettens\u00e4geunterweisung<\/li>\n\n\n\n<li>Technische Hilfeleistung (VU)<\/li>\n\n\n\n<li>Gewaltsames T\u00fcr \u00f6ffnen<\/li>\n\n\n\n<li>Leiter einer Feuerwehr<\/li>\n\n\n\n<li>Vegetationbrandbek\u00e4mpfung Modul 1<\/li>\n\n\n\n<li>Vegetationbrandbek\u00e4mpfung Modul 2<\/li>\n\n\n\n<li>Vegetationbrandbek\u00e4mpfung Modul 3<\/li>\n\n\n\n<li>Vegetationbrandbek\u00e4mpfung Modul 4<\/li>\n\n\n\n<li>Vegetationbrandbek\u00e4mpfung Modul 5<\/li>\n\n\n\n<li>Th. Hilfe &amp; Brandbek\u00e4mpfung nach Bahnunf\u00e4llen Stufe I  <\/li>\n\n\n\n<li>Moderne Brandbek\u00e4mfung<\/li>\n\n\n\n<li>Unterweisung Pumpenpr\u00fcfstand GAZG<\/li>\n\n\n\n<li>Fortbildungsseminar f\u00fcr Gruppenf\u00fchrer \u201eErsteinsatz bei Waldbr\u00e4nden\u201c<\/li>\n\n\n\n<li>Fortbildungsseminar &#8211; Motorkettens\u00e4ge<\/li>\n\n\n\n<li>Seminar der UKH zum Thema Sicherheit in Feuerwehrh\u00e4usern&nbsp;<\/li>\n\n\n\n<li>F\u00fchrungskr\u00e4fteschulung &#8211; Eins\u00e4tze an und auf Gew\u00e4ssern<\/li>\n\n\n\n<li>Retten in stark Fliesendemgew\u00e4sser<\/li>\n<\/ul>\n<\/div>\n\n\n\n<div class=\"wp-block-column is-layout-flow wp-block-column-is-layout-flow\" style=\"flex-basis:33.33%\">\n<figure class=\"wp-block-image size-full is-resized\"><img loading=\"lazy\" decoding=\"async\" width=\"1148\" height=\"2040\" src=\"https:\/\/feuerwehr-nieder-bessingen.de\/wp-content\/uploads\/2026\/02\/WhatsApp-Image-2026-02-06-at-21.19.45.jpeg\" alt=\"\" class=\"wp-image-856\" style=\"aspect-ratio:0.5627579201320551;width:177px;height:auto\" srcset=\"https:\/\/feuerwehr-nieder-bessingen.de\/wp-content\/uploads\/2026\/02\/WhatsApp-Image-2026-02-06-at-21.19.45.jpeg 1148w, https:\/\/feuerwehr-nieder-bessingen.de\/wp-content\/uploads\/2026\/02\/WhatsApp-Image-2026-02-06-at-21.19.45-169x300.jpeg 169w, https:\/\/feuerwehr-nieder-bessingen.de\/wp-content\/uploads\/2026\/02\/WhatsApp-Image-2026-02-06-at-21.19.45-576x1024.jpeg 576w, https:\/\/feuerwehr-nieder-bessingen.de\/wp-content\/uploads\/2026\/02\/WhatsApp-Image-2026-02-06-at-21.19.45-768x1365.jpeg 768w, https:\/\/feuerwehr-nieder-bessingen.de\/wp-content\/uploads\/2026\/02\/WhatsApp-Image-2026-02-06-at-21.19.45-864x1536.jpeg 864w\" sizes=\"auto, (max-width: 1148px) 100vw, 1148px\" \/><\/figure>\n<\/div>\n<\/div>\n\n\n\n<p><\/p>\n","protected":false},"excerpt":{"rendered":"<p>Wehrf\u00fchrer \/ stv. Jugendwart Weitere Informationen Oberl\u00f6schmeister Wehrf\u00fchrer Atemschutz\/Gruppenf\u00fchrer &#8211; Ger\u00e4tewart Ausbildung\/Lehrg\u00e4nge:<\/p>\n","protected":false},"author":1,"featured_media":0,"parent":30,"menu_order":0,"comment_status":"closed","ping_status":"closed","template":"","meta":{"_mc_calendar":[],"footnotes":""},"class_list":["post-179","page","type-page","status-publish","hentry"],"_links":{"self":[{"href":"https:\/\/feuerwehr-nieder-bessingen.de\/index.php?rest_route=\/wp\/v2\/pages\/179","targetHints":{"allow":["GET"]}}],"collection":[{"href":"https:\/\/feuerwehr-nieder-bessingen.de\/index.php?rest_route=\/wp\/v2\/pages"}],"about":[{"href":"https:\/\/feuerwehr-nieder-bessingen.de\/index.php?rest_route=\/wp\/v2\/types\/page"}],"author":[{"embeddable":true,"href":"https:\/\/feuerwehr-nieder-bessingen.de\/index.php?rest_route=\/wp\/v2\/users\/1"}],"replies":[{"embeddable":true,"href":"https:\/\/feuerwehr-nieder-bessingen.de\/index.php?rest_route=%2Fwp%2Fv2%2Fcomments&post=179"}],"version-history":[{"count":10,"href":"https:\/\/feuerwehr-nieder-bessingen.de\/index.php?rest_route=\/wp\/v2\/pages\/179\/revisions"}],"predecessor-version":[{"id":977,"href":"https:\/\/feuerwehr-nieder-bessingen.de\/index.php?rest_route=\/wp\/v2\/pages\/179\/revisions\/977"}],"up":[{"embeddable":true,"href":"https:\/\/feuerwehr-nieder-bessingen.de\/index.php?rest_route=\/wp\/v2\/pages\/30"}],"wp:attachment":[{"href":"https:\/\/feuerwehr-nieder-bessingen.de\/index.php?rest_route=%2Fwp%2Fv2%2Fmedia&parent=179"}],"curies":[{"name":"wp","href":"https:\/\/api.w.org\/{rel}","templated":true}]}}